{"id":44,"date":"2021-12-17T04:39:51","date_gmt":"2021-12-17T04:39:51","guid":{"rendered":"https:\/\/kaushal-test-blockart.sites.qsandbox.com\/?page_id=44"},"modified":"2025-01-14T13:46:13","modified_gmt":"2025-01-14T11:46:13","slug":"home","status":"publish","type":"page","link":"https:\/\/bodorrio.rushpine.com\/","title":{"rendered":"Home"},"content":{"rendered":"\n<div class=\"blockart-section blockart-section-4035395d\"><div class=\"blockart-overlay\"><\/div><div class=\"blockart-container-fluid\"><div class=\"blockart-section-inner\">\n<div class=\"blockart-column blockart-column-7febffbe\"><div class=\"blockart-column-inner\">\n<h1 class=\"blockart-heading blockart-heading-2a2c8920\"><strong>VANESSA Y MARCOS<\/strong><\/h1>\n\n\n\n<p class=\"blockart-paragraph blockart-paragraph-c9729972\"><strong><strong>\u00a1NOS CASAMOS!<\/strong> <\/strong><\/p>\n\n\n<div class=\" hurrytimer-campaign hurryt-loading hurrytimer-campaign-1743\" data-config=\"{&quot;id&quot;:1743,&quot;run_in_background&quot;:false,&quot;sticky&quot;:false,&quot;product_ids&quot;:[],&quot;actions&quot;:[{&quot;id&quot;:1,&quot;redirectUrl&quot;:&quot;&quot;,&quot;message&quot;:&quot;&quot;,&quot;coupon&quot;:&quot;&quot;,&quot;wcStockStatus&quot;:&quot;instock&quot;}],&quot;template&quot;:&quot;&lt;div class=\\&quot;hurrytimer-timer-block \\&quot;&gt;&lt;div class=\\&quot;hurrytimer-timer-digit \\&quot;&gt;%m&lt;\\\/div&gt;&lt;div class=\\&quot;hurrytimer-timer-label \\&quot; &gt;meses&lt;\\\/div&gt;&lt;\\\/div&gt;&lt;div class=\\&quot; hurrytimer-timer-sep\\&quot;&gt;:&lt;\\\/div&gt;&lt;div class=\\&quot;hurrytimer-timer-block \\&quot;&gt;&lt;div class=\\&quot;hurrytimer-timer-digit \\&quot;&gt;%n&lt;\\\/div&gt;&lt;div class=\\&quot;hurrytimer-timer-label \\&quot; &gt;dias&lt;\\\/div&gt;&lt;\\\/div&gt;&lt;div class=\\&quot; hurrytimer-timer-sep\\&quot;&gt;:&lt;\\\/div&gt;&lt;div class=\\&quot;hurrytimer-timer-block \\&quot;&gt;&lt;div class=\\&quot;hurrytimer-timer-digit \\&quot;&gt;%H&lt;\\\/div&gt;&lt;div class=\\&quot;hurrytimer-timer-label \\&quot; &gt;horas&lt;\\\/div&gt;&lt;\\\/div&gt;&quot;,&quot;methods&quot;:[1,2],&quot;mode&quot;:&quot;one_time&quot;,&quot;sticky_bar_hide_timeout&quot;:7,&quot;recurr&quot;:false,&quot;timeToNextRecurrence&quot;:0,&quot;isRegular&quot;:true,&quot;endDate&quot;:1743849000000}\" ><div class=\" hurrytimer-timer\"><\/div><\/div>\n<\/div><\/div>\n<\/div><\/div><\/div>\n\n\n\n<div class=\"blockart-spacing blockart-spacing-8816da21\"><div class=\"blockart-spacing-inner\"><\/div><\/div>\n\n\n\n<div class=\"wp-block-group is-layout-flow wp-block-group-is-layout-flow\">\n<p class=\"blockart-paragraph blockart-paragraph-16c71172\"><strong><strong><strong>5 de abril de 2025<\/strong><\/strong><\/strong><\/p>\n\n\n\n<p class=\"blockart-paragraph blockart-paragraph-5d969da7\"><strong><strong><strong>En Iglesia de la Merced, Ver\u00edn, a las 12h30<\/strong><\/strong><\/strong><\/p>\n\n\n\n<p class=\"blockart-paragraph blockart-paragraph-ab6c9c85\"><strong><strong><strong><strong>Y posterior celebraci\u00f3n en Finca Estela do Val, a las 14h30<\/strong><\/strong><\/strong><\/strong><\/p>\n<\/div>\n\n\n\n<div class=\"blockart-section blockart-section-576385b7\"><div class=\"blockart-container\"><div class=\"blockart-section-inner\">\n<div class=\"blockart-column blockart-column-eefcae0e\"><div class=\"blockart-column-inner\">\n<p class=\"has-text-align-center has-medium-font-size\">Daremos el \u00a1s\u00ed quiero! y seguiremos con este emocionante viaje juntos, por ello, nos encantar\u00eda que nos acompa\u00f1aras a celebrar la gran fiesta de nuestra boda, llena de brindis, carcajadas y bailes hasta el amanecer. \u00a1Te esperamos!<\/p>\n\n\n\n<p class=\"has-medium-font-size\">Te invitamos a explorar todos los apartados de esta p\u00e1gina web, hay informaci\u00f3n que podr\u00eda ser de tu inter\u00e9s, \u00bfc\u00f3mo llegar?, \u00bfd\u00f3nde alojarte?, \u00bfvendr\u00e1s con acompa\u00f1ante?, etc.<\/p>\n\n\n\n<p class=\"has-medium-font-size\">Necesitamos saber si podr\u00e1s asistir y que nos comuniques cualquier detalle adicional para que te sientas super c\u00f3modo. P\u00e1sate por la pesta\u00f1a \u201cAsistencia\u201d.<\/p>\n\n\n\n<p class=\"has-text-align-center has-medium-font-size\">Cualquier cosa contacta con nosotros. Vanessa: 620 124 983, Marcos: 645 915 733<\/p>\n<\/div><\/div>\n<\/div><\/div><\/div>\n\n\n\n<div class=\"blockart-spacing blockart-spacing-874116e1\"><div class=\"blockart-spacing-inner\"><\/div><\/div>\n\n\n\n<div class=\"blockart-section blockart-section-03d46b12\"><div class=\"blockart-container-fluid\"><div class=\"blockart-section-inner\">\n<div class=\"blockart-column blockart-column-e6016486\"><div class=\"blockart-column-inner\">\n<figure class=\"blockart-image blockart-image-a2fa183a\"><img decoding=\"async\" class=\"\" src=\"https:\/\/bodorrio.rushpine.com\/wp-content\/uploads\/2022\/05\/20180421_131153-scaled.jpg\" alt=\"\"\/><\/figure>\n<\/div><\/div>\n\n\n\n<div class=\"blockart-column blockart-column-1c6f4fb3\"><div class=\"blockart-column-inner\">\n<figure class=\"blockart-image blockart-image-d172dfb0\"><img decoding=\"async\" class=\"\" src=\"https:\/\/bodorrio.rushpine.com\/wp-content\/uploads\/2022\/05\/20180627_013810-scaled.jpg\" alt=\"\"\/><\/figure>\n<\/div><\/div>\n\n\n\n<div class=\"blockart-column blockart-column-7fc6c665\"><div class=\"blockart-column-inner\">\n<figure class=\"blockart-image blockart-image-37a768e3\"><img decoding=\"async\" class=\"\" src=\"https:\/\/bodorrio.rushpine.com\/wp-content\/uploads\/2022\/05\/20180721_155722-scaled.jpg\" alt=\"\"\/><\/figure>\n<\/div><\/div>\n<\/div><\/div><\/div>\n\n\n\n<div class=\"blockart-spacing blockart-spacing-6546193c\"><div class=\"blockart-spacing-inner\"><\/div><\/div>\n\n\n\n<div class=\"blockart-section blockart-section-e2c759a0\"><div class=\"blockart-container-fluid\"><div class=\"blockart-section-inner\">\n<div class=\"blockart-column blockart-column-30f179d5\"><div class=\"blockart-column-inner\">\n<figure class=\"blockart-image blockart-image-7773f126\"><img decoding=\"async\" class=\"\" src=\"https:\/\/bodorrio.rushpine.com\/wp-content\/uploads\/2022\/05\/20180815_224332-scaled.jpg\" alt=\"\"\/><\/figure>\n<\/div><\/div>\n\n\n\n<div class=\"blockart-column blockart-column-94773cfe\"><div class=\"blockart-column-inner\">\n<figure class=\"blockart-image blockart-image-3a4d0918\"><img decoding=\"async\" class=\"\" src=\"https:\/\/bodorrio.rushpine.com\/wp-content\/uploads\/2022\/05\/20190504_113730-scaled.jpg\" alt=\"\"\/><\/figure>\n<\/div><\/div>\n\n\n\n<div class=\"blockart-column blockart-column-686e0bc9\"><div class=\"blockart-column-inner\">\n<figure class=\"blockart-image blockart-image-b0b9c394\"><img decoding=\"async\" class=\"\" src=\"https:\/\/bodorrio.rushpine.com\/wp-content\/uploads\/2022\/05\/20180420_124420-scaled.jpg\" alt=\"\"\/><\/figure>\n<\/div><\/div>\n<\/div><\/div><\/div>\n\n\n\n<div class=\"blockart-spacing blockart-spacing-52cc2428\"><div class=\"blockart-spacing-inner\"><\/div><\/div>\n\n\n\n<div class=\"blockart-section blockart-section-5534d414\"><div class=\"blockart-overlay\"><\/div><div class=\"blockart-container\"><div class=\"blockart-section-inner\">\n<div class=\"blockart-column blockart-column-4f66d04a\"><div class=\"blockart-column-inner\">\n<h2 class=\"blockart-heading blockart-heading-0b18f02d\"><strong>VANESSA Y MARCOS<\/strong><\/h2>\n\n\n\n<p class=\"blockart-paragraph blockart-paragraph-62249684\"><strong><strong><strong>5 de abril de 2025<\/strong><\/strong><\/strong><\/p>\n<\/div><\/div>\n<\/div><\/div><\/div>\n\n\n\n<p><\/p>\n","protected":false},"excerpt":{"rendered":"","protected":false},"author":1,"featured_media":0,"parent":0,"menu_order":0,"comment_status":"closed","ping_status":"closed","template":"page-templates\/pagebuilder.php","meta":{"zakra_sidebar_layout":"stretched","zakra_remove_content_margin":true,"zakra_sidebar":"customizer","zakra_transparent_header":"1","zakra_logo":1646,"zakra_main_header_style":"zak-layout-1-style-1","zakra_menu_item_color":"#ffffff","zakra_menu_item_hover_color":"#dba08b","zakra_menu_item_active_color":"#dba08b","zakra_menu_active_style":"style-2","zakra_page_header":true,"om_disable_all_campaigns":false,"_monsterinsights_skip_tracking":false,"_monsterinsights_sitenote_active":false,"_monsterinsights_sitenote_note":"","_monsterinsights_sitenote_category":0,"footnotes":""},"class_list":["post-44","page","type-page","status-publish","hentry"],"aioseo_notices":[],"_links":{"self":[{"href":"https:\/\/bodorrio.rushpine.com\/index.php?rest_route=\/wp\/v2\/pages\/44","targetHints":{"allow":["GET"]}}],"collection":[{"href":"https:\/\/bodorrio.rushpine.com\/index.php?rest_route=\/wp\/v2\/pages"}],"about":[{"href":"https:\/\/bodorrio.rushpine.com\/index.php?rest_route=\/wp\/v2\/types\/page"}],"author":[{"embeddable":true,"href":"https:\/\/bodorrio.rushpine.com\/index.php?rest_route=\/wp\/v2\/users\/1"}],"replies":[{"embeddable":true,"href":"https:\/\/bodorrio.rushpine.com\/index.php?rest_route=%2Fwp%2Fv2%2Fcomments&post=44"}],"version-history":[{"count":38,"href":"https:\/\/bodorrio.rushpine.com\/index.php?rest_route=\/wp\/v2\/pages\/44\/revisions"}],"predecessor-version":[{"id":1950,"href":"https:\/\/bodorrio.rushpine.com\/index.php?rest_route=\/wp\/v2\/pages\/44\/revisions\/1950"}],"wp:attachment":[{"href":"https:\/\/bodorrio.rushpine.com\/index.php?rest_route=%2Fwp%2Fv2%2Fmedia&parent=44"}],"curies":[{"name":"wp","href":"https:\/\/api.w.org\/{rel}","templated":true}]}}